{"id":19,"date":"2013-01-16T09:54:31","date_gmt":"2013-01-16T09:54:31","guid":{"rendered":"http:\/\/met.parisnanterre.fr\/?page_id=19"},"modified":"2020-02-14T10:35:37","modified_gmt":"2020-02-14T10:35:37","slug":"conferences-et-seminaires","status":"publish","type":"page","link":"https:\/\/met.parisnanterre.fr\/?page_id=19","title":{"rendered":"Organisation de la formation"},"content":{"rendered":"<p>Le parcours MET s\u2019organise en 4 semestres de 30 cr\u00e9dits soit 120 cr\u00e9dits pour les deux ann\u00e9es de Master SES-MET.<\/p>\n<h5>Une sp\u00e9cialisation progressive en M1<\/h5>\n<p>La sp\u00e9cialisation est croissante : au premier semestre du Master 1 des cours fondamentaux en Droit, \u00c9conomie et Sociologie, des cours de m\u00e9thodologie, d\u2019anglais et le choix d\u2019un s\u00e9minaire d\u2019ouverture s\u2019adressent \u00e0 tous les \u00e9tudiants quel que soit leur parcours (21 ects). Une pr\u00e9-sp\u00e9cialisation MET s\u2019op\u00e8re n\u00e9anmoins d\u00e8s le premier semestre de Master 1 (9 ects). Le second semestre du Master 1 est constitu\u00e9 d\u2019un parcours sp\u00e9cialis\u00e9 (12ects), d\u2019un cours d\u2019anglais de 3 ects et se cl\u00f4t par un stage ou par la r\u00e9daction d\u2019un m\u00e9moire de recherche (15 ects).<\/p>\n<h5>Une voie \u00ab\u00a0professionnelle\u00a0\u00bb ou une voie \u00ab\u00a0recherche\u00a0\u00bb en M2<\/h5>\n<p>Le premier semestre du M2 MET se compose de trois enseignements fondamentaux en sociologie, en \u00e9conomie et en droit (10,5 ects). Deux cours privil\u00e9gient une entr\u00e9e th\u00e9matique\u00a0: la sant\u00e9 au travail, la formation professionnelle, les politiques publiques territoriales de l\u2019emploi, ou encore la question de la diversit\u00e9 et des discriminations (6 ects). Ils sont compl\u00e9t\u00e9s au choix par un enseignement d\u2019ouverture au monde professionnel ou par un enseignement portant sur la question de la justice sociale (3 ects). De m\u00eame, les \u00e9tudiants ont ensuite le choix de \u00ab\u00a0sp\u00e9cialisation\u00a0\u00bb entre un s\u00e9minaire de GRH ou un s\u00e9minaire de leur choix dans l\u2019ensemble de la banque de l\u2019universit\u00e9 (en \u00e9conomie, en sociologie\u2026) (4,5 ects). Un cours d\u2019anglais (3 ects\u00b0) et un projet collectif (1,5 ects) compl\u00e8tent ce premier semestre du M2.<\/p>\n<p>Le second semestre se compose de quatre cours en sociologie, \u00e9conomie, droit et gestion (12 ects) et s\u2019ach\u00e8ve par un stage ou par la r\u00e9daction d\u2019un m\u00e9moire de recherche (15 ects) et d\u2019un cours de m\u00e9thodologie qui les accompagne (3 ects).<\/p>\n<p>Certaines conf\u00e9rences donnent l&rsquo;occasion d&rsquo;aller au plus pr\u00e8s du terrain :<\/p>\n<p style=\"text-align: center;\"><a href=\"http:\/\/met.parisnanterre.fr\/wp-content\/uploads\/2013\/04\/photo-9-chantier-spie-Elena-Florine-Paulina-Severine...1.jpg\"><img loading=\"lazy\" decoding=\"async\" class=\" wp-image-215 aligncenter\" src=\"http:\/\/met.parisnanterre.fr\/wp-content\/uploads\/2013\/04\/photo-9-chantier-spie-Elena-Florine-Paulina-Severine...1.jpg\" alt=\"photo-9 chantier spie Elena, Florine, Paulina, Severine...(1)\" width=\"444\" height=\"334\" \/><\/a><\/p>\n","protected":false},"excerpt":{"rendered":"<p>Le parcours MET s\u2019organise en 4 semestres de 30 cr\u00e9dits soit 120 cr\u00e9dits pour les deux ann\u00e9es de Master SES-MET. Une sp\u00e9cialisation progressive en M1 La sp\u00e9cialisation est croissante : au premier semestre du Master 1 des cours fondamentaux en&hellip;&nbsp;<a href=\"https:\/\/met.parisnanterre.fr\/?page_id=19\" class=\"more-link\">Lire la suite<\/a><\/p>\n","protected":false},"author":1,"featured_media":0,"parent":10,"menu_order":10,"comment_status":"closed","ping_status":"closed","template":"","meta":{"footnotes":""},"class_list":["post-19","page","type-page","status-publish","hentry"],"_links":{"self":[{"href":"https:\/\/met.parisnanterre.fr\/index.php?rest_route=\/wp\/v2\/pages\/19","targetHints":{"allow":["GET"]}}],"collection":[{"href":"https:\/\/met.parisnanterre.fr\/index.php?rest_route=\/wp\/v2\/pages"}],"about":[{"href":"https:\/\/met.parisnanterre.fr\/index.php?rest_route=\/wp\/v2\/types\/page"}],"author":[{"embeddable":true,"href":"https:\/\/met.parisnanterre.fr\/index.php?rest_route=\/wp\/v2\/users\/1"}],"replies":[{"embeddable":true,"href":"https:\/\/met.parisnanterre.fr\/index.php?rest_route=%2Fwp%2Fv2%2Fcomments&post=19"}],"version-history":[{"count":16,"href":"https:\/\/met.parisnanterre.fr\/index.php?rest_route=\/wp\/v2\/pages\/19\/revisions"}],"predecessor-version":[{"id":481,"href":"https:\/\/met.parisnanterre.fr\/index.php?rest_route=\/wp\/v2\/pages\/19\/revisions\/481"}],"up":[{"embeddable":true,"href":"https:\/\/met.parisnanterre.fr\/index.php?rest_route=\/wp\/v2\/pages\/10"}],"wp:attachment":[{"href":"https:\/\/met.parisnanterre.fr\/index.php?rest_route=%2Fwp%2Fv2%2Fmedia&parent=19"}],"curies":[{"name":"wp","href":"https:\/\/api.w.org\/{rel}","templated":true}]}}